?
7
Let s be (-3 + 4 - 2)*(-3 - -44). Let k = 113 + s. Let j = k - -122. What is the hundreds digit of j?
1
Let d(x) = -5*x + 33. Let n be d(-17). Suppose -115*y = -n*y + 6. Suppose -y*j = i - 114, -3 = 3*j - 0*j. What is the tens digit of i?
1
Suppose -3318 = 463*s - 187129. What is the tens digit of s?
9
What is the units digit of ((-540)/70)/(75/(-330400))?
4
Let w = 310 + -273. Suppose 12*p = w*p - 17550. What is the hundreds digit of p?
7
Suppose -6*p + 6254 = -1186. What is the hundreds digit of p?
2
Suppose 157*d + 57*d - 8717388 = 31*d. What is the ten thousands digit of d?
4
Let a be 138/(-7) - 20/70. Let t be 2626/(-10) - ((-8)/a + 0). Let h = -53 - t. What is the hundreds digit of h?
2
Let a(l) = -139*l - 16. Let v(g) = -1945*g - 225. Let d(m) = 85*a(m) - 6*v(m). What is the tens digit of d(-3)?
2
Let g be (-2 + (-824)/20)/(4/(-30)). Suppose 0 = -2*j + 3*s + 113 + g, -2*s = 3*j - 649. What is the units digit of j?
7
Suppose 43*p + 4*p = -5*p + 442520. What is the tens digit of p?
1
Let c(p) = 8479*p + 218. What is the units digit of c(2)?
6
Let y(r) = 51*r - 6. Let c be y(7). Suppose -377 = -8*j + c. Let f = j - 34. What is the units digit of f?
7
Let i(a) = -12 - 2*a**2 - 5*a**2 - 15368*a**3 + 15369*a**3 - 2*a + 9*a. Let u = -3 - -11. What is the hundreds digit of i(u)?
1
Suppose 10*j = 5*j + 2115. Suppose -o + 5*c = 3*c - j, 0 = 4*o - 2*c - 1716. What is the units digit of o?
1
Suppose -3*p + 9*p - 78 = 0. Suppose 20 = -p*f + 18*f. Suppose 0 = 5*k + f*a - 475, -4*k = -0*k - 2*a - 406. What is the tens digit of k?
9
Let f be 580/12*-1*(23 - 26). Let j be ((-12)/2)/(2 - 4). Suppose -5*d - f = -2*b, 2*d + 282 = b + j*b. What is the tens digit of b?
7
What is the ten thousands digit of (-3989)/(((-21)/105)/(6/10))?
1
Let c = -11983 + 24989. Suppose -9*p + c - 4483 = 0. What is the units digit of p?
7
Let r(z) = -6*z - 36. Let h be r(-7). Suppose o + 4 = h. What is the tens digit of (386/o - 8/2) + -2?
8
Let v(a) = 107*a - 55*a + 2 - 54*a. Let j be v(1). Suppose -3*l = 2*w - 243, -l + 67 = -j*l - 4*w. What is the tens digit of l?
7
Let i = 1258 - -56618. What is the hundreds digit of i?
8
Let g = 222 - 223. Let k(p) be the third derivative of -77*p**6/120 + p**2. What is the tens digit of k(g)?
7
Let l = 2054 + -1423. Let d = 893 - l. What is the hundreds digit of d?
2
Let y(c) = c**2 - 3*c - 9. Let p be y(-2). Let o(t) = 71*t**3 + t - 2. Let k be o(p). What is the tens digit of (-3)/(-7) - (-2700)/k?
3
Let q(w) = 12 - 6 - 3*w**2 - 9 + 4*w**2 - 14*w. What is the tens digit of q(16)?
2
Let p(h) = -7*h + 65. Let o be p(9). Let m(w) = 8 + 13*w**2 - 19*w**2 + 7*w**o - 8*w. What is the units digit of m(15)?
3
Let n be (0 + -221)*(-12 + 1). Suppose 10*d + 7*d = n. What is the tens digit of d?
4
Suppose -4*a = -15992 - 11368. What is the thousands digit of a?
6
Let r = -345 + 357. Let z(v) = v**3 - 12*v**2 + 28*v + 5. What is the tens digit of z(r)?
4
Let o(j) = j**2 - 82*j + 430. What is the units digit of o(-69)?
9
Let y(h) = 84*h - 924. Let j(l) = 28*l - 309. Let b(s) = 8*j(s) - 3*y(s). What is the units digit of b(0)?
0
Let r be (-45)/12 - 1/(20/5). Let y(c) = -111*c + 59. What is the hundreds digit of y(r)?
5
Suppose 146*s - 45188 = -36*s + 14872. What is the units digit of s?
0
Let a(h) = -79*h + 375*h + 4 + 140*h. What is the hundreds digit of a(1)?
4
Let g = -272 - -272. Suppose 0 = 2*y + a - 928, 3*a + 2342 = 5*y - g*y. What is the tens digit of y?
6
Suppose 5*o + 9*r = 10*r + 35280, -3*o - 5*r = -21140. What is the tens digit of o?
5
Suppose -362*x + 82712 + 713878 = -97*x. What is the units digit of x?
6
Let g = 16303 - 9607. What is the hundreds digit of g?
6
Let y be -6 + (-124)/(-8) + 1/2. Let v(s) = 2*s + 16. Let w(q) = -q - 8. Let n(d) = 3*v(d) + 5*w(d). What is the tens digit of n(y)?
1
What is the thousands digit of 88/22*(120633/12 - (-1 - -1))?
0
Suppose 7*t - 312 = t. Let v = -50 + t. Suppose -d + 32 = 3*s, 0 = v*d + d + s - 56. What is the units digit of d?
7
Let z(a) = -66*a**2 - a + 1. Let b be z(1). Let d be -8 - (-6 + 3 + 1)*1. What is the units digit of b/(-99) + (-284)/d?
8
Let m(r) be the second derivative of -2*r**3/3 + 17*r**2/2 + 14*r. Let o be m(4). What is the units digit of 12/(-8)*o/(-3)*142?
1
Let h(q) = 2*q + 29. Let j be h(-17). Let d be -4 - j - -3 - -87. Suppose 0 = -y + 157 + d. What is the units digit of y?
8
Let m(k) = -3*k - 55 + 24 + 11 - 8*k + 2. Let n be 1*-4 - (-6)/(-3). What is the units digit of m(n)?
8
Let z(r) = 7*r - 7. Let d be z(1). Suppose 0 = -5*g + 7*g + 3*k - 1, 2*k + 6 = d. What is the units digit of g?
5
Suppose 5*m = 15, -4*d + m = 17 - 22. Suppose 0 = 3*g - 2*s - 863, 2*s + 0*s - 592 = -d*g. What is the hundreds digit of g?
2
What is the units digit of 17989 + ((-340)/(-2))/17?
9
Let r(l) be the first derivative of 1/3*l**3 - 2*l + 14 + 8*l**2. What is the tens digit of r(-21)?
0
Let l = 876 + -840. Let q(g) = 33*g - 105. What is the tens digit of q(l)?
8
Suppose 0 = 3*f - 5*c + 44, 3*f - c + 27 = f. Let q(d) = 3*d**2 + 14*d - 38. What is the tens digit of q(f)?
8
Suppose 0 = 4*x - 4*b - 4 - 8, 2*x - b = 0. Let y(v) = 3*v**3 + 3*v**2 - 5*v - 7. Let r(n) = n**3. Let t(l) = -2*r(l) + y(l). What is the units digit of t(x)?
8
Suppose -2*z + 2*d - 3*d + 111 = 0, -3*z + 3*d + 144 = 0. Let v = z - -279. What is the units digit of v?
2
Suppose -68*w = -55*w - 10075. Let h = 1192 + w. What is the thousands digit of h?
1
Suppose 19*v = 22*v - 8001. What is the tens digit of v?
6
Suppose 2*m - 148*o - 10938 = -150*o, -10931 = -2*m + 5*o. What is the tens digit of m?
6
Let u = 50 - 22. Let l = u + -11. Suppose -5*r + i + l = 0, 0*r + 4*r - 3*i - 18 = 0. What is the units digit of r?
3
Let u = 15674 - 9282. What is the hundreds digit of u?
3
Let m = 4509 + 1806. What is the tens digit of m?
1
Let t = 46529 + -26771. What is the thousands digit of t?
9
Let m(j) = j**3 + 12*j**2 + 16*j + 51. Let f be m(-11). Let v(i) = -2*i**3 + i + 15. What is the tens digit of v(f)?
3
Suppose -31 = -4*x + k, -11 = -2*x - k - 0*k. Let b(i) = -x - 1 + 6*i + 38. What is the units digit of b(10)?
0
Let t(m) = 4*m**2 - 5*m - 3*m + 218 - 14*m. What is the units digit of t(15)?
8
Let n(o) = -o - 105. Let j(d) = -208. Let c(t) = -6*j(t) + 10*n(t). What is the hundreds digit of c(-36)?
5
Let u(d) = -123*d - 72. Let q be u(-3). Let x = -175 + q. What is the units digit of x?
2
Suppose 148*h - 7478 = -d + 150*h, -4*h = -d + 7468. What is the units digit of d?
8
Let o = 67 + 19. Suppose 3*z = 5 - o. Let l = -26 - z. What is the units digit of l?
1
Suppose 0 = s - 3*t - 17492, -2*s - s - 4*t = -52567. What is the thousands digit of s?
7
Let r(i) = 332*i + 78. Suppose f - 10 = -j, 2*j + 5 = f + 10. What is the tens digit of r(f)?
3
Suppose -w + 4*v - 28 = 9*v, 0 = -w - 4*v - 33. Let d be 2/(-1 + (-4)/(-3)). What is the tens digit of 1 + w/(-1) - (-12)/d?
5
Let v(d) = 20*d**2 + 3*d + 47. Let g be v(-11). What is the units digit of 17/119 + g/14?
4
Suppose 2*r - 163185 = -5*k, -2*k + 11503 + 53771 = -5*r. What is the hundreds digit of k?
6
Suppose 11*x = 14*x - 3*h - 39591, -52782 = -4*x - 2*h. What is the tens digit of x?
9
Suppose 0 = -15*r + 6*r + 13554. Let j = r + -627. What is the hundreds digit of j?
8
Let x = 1623 - 3850. Let y = 3198 + x. What is the tens digit of y?
7
Let c(h) = -h**2 + 3*h + 12. Let b be c(5). Suppose 6*g = -b*g - 336. Let v = g - -71. What is the units digit of v?
9
Let u be 122/12 - 2/12. Let t(y) = y**2 - 10*y + 2. Let n be t(u). Suppose 3*v - p + n*p - 10 = 0, 10 = 4*v - 2*p. What is the units digit of v?
3
Suppose -59*x = -70*x + 55. Suppose x*l + 643 = 4543. What is the units digit of l?
0
Suppose 0 = u + 4*d - 14, -7*u + 4*d = -5*u - 52. Suppose -3*s = -3*z + 786, 25*z - s - 792 = u*z. What is the units digit of z?
5
Let k(j) = 174*j**2 - 3*j - 3. Suppose 5*t + 4*z + 6 = 0, 4*z = -6*t + 9*t - 22. What is the units digit of k(t)?
7
Suppose 4*y - 25116 = -13*i + 15*i, -3*i + 6258 = y. What is the hundreds digit of y?
2
Let j(p) = 7*p - 121. Let m be j(18). Suppose 0 = 3*k + 2 - 5, -m*k - 1201 = -3*y. What is the units digit of y?
2
Suppose -287 = -4*c - 755. Let d = c + 147. What is the units digit of d?
0
Suppose 0 = 5*m + 5*j + 35, m + 13 + 9 = -4*j. What is the hundreds digit of -3 + 